10
Let c = 7 + 2. Suppose 5*f = -3*z + 34, -6*f + 4*z - 2 = -4*f. Suppose 0 = -f*k + 18 + 107. What is the remainder when k is divided by c?
7
Suppose -5*f - 205 = 2*x, -5*f + 0*x - 195 = 4*x. Let q = -42 - f. What is the remainder when 6 is divided by q?
0
Suppose -958 = -4*u - 94*f + 92*f, -252 = -u - 3*f. What is the remainder when u is divided by 48?
45
Let m = 516 + -434. Calculate the remainder when m is divided by 12.
10
Suppose 4*y - 320 = 52. Suppose 0 = -49*l + 42*l + 14. Suppose -28 = f - l*f + 4*b, 0 = 4*f + 3*b - 131. Calculate the remainder when y is divided by f.
29
Suppose 70*s + 13*s - 7885 = 0. What is the remainder when 271 is divided by s?
81
Let i = 64 - 59. Suppose 0 = -c + 4*c - 3*y - 18, 2*c = i*y - 3. Calculate the remainder when 51 is divided by c.
7
Let y(l) = 6*l + 162. What is the remainder when 332 is divided by y(-23)?
20
Let x(u) = u**2 + 11*u - 4. Let p be x(-11). Let h be (-3 + -11)/(p/(-8)). Let m = -4 - h. What is the remainder when 71 is divided by m?
23
Suppose 6*a - 17 = 13. Suppose -4*v = -a*w - 150 - 93, 0 = 5*v - 5*w - 300. Calculate the remainder when 168 is divided by v.
54
What is the remainder when 14 is divided by (90/72)/(1/4)?
4
Suppose 2*f + b = -0*f - 301, b = -4*f - 607. Let z = f + 218. Calculate the remainder when z is divided by 23.
19
Let m(l) = -3*l - 3. Suppose y + 36 = -2*y. Let d = y - -36. What is the remainder when d is divided by m(-4)?
6
Let w(s) = 2*s + 6. Calculate the remainder when 393 is divided by w(17).
33
Calculate the remainder when (48/(-20))/(-6) - (-2303)/5 is divided by 22.
21
Let y(c) = c**3 + 3*c**2 + 2*c + 6. Let i be y(-3). Suppose i = -4*f + 2*v + 66, 45 + 38 = 5*f - 2*v. What is the remainder when 84 is divided by f?
16
Let u = 83 - 61. Calculate the remainder when 2/7 + (4 - (-2020)/35) is divided by u.
18
Let o = -943 - -1861. Calculate the remainder when o is divided by 20.
18
Let z be 4 - (-4 + 3 + -2). Let l(n) = -n**3 + 8*n**2 - 5*n + 10. Calculate the remainder when l(z) is divided by 9.
6
Let i(g) = 103*g**3 - g**2 + 4*g - 3. Calculate the remainder when i(1) is divided by 37.
29
Let u(n) = 4*n + 7. Let m be u(-5). Let f = -8 - m. Let i(g) = g. Calculate the remainder when 9 is divided by i(f).
4
Suppose -4*m - 3*b + 17 = 1, -2*b - 16 = -4*m. What is the remainder when (-9)/(693/(-44)) + -1*454/(-14) is divided by m?
1
Suppose -8*j + 10 + 14 = 0. Calculate the remainder when 43 is divided by (-5)/(20/(-6) + j).
13
Let v = 17 + 3. Let b be ((-28)/(-10))/((-1)/10). Let n = v - b. Calculate the remainder when n is divided by 17.
14
Let z(f) = f**3 - 2*f**2 - 1. Let j be z(2). What is the remainder when (12/8 + 2)*(-1 + 7) is divided by 13/1 + 0 + j?
9
Suppose 7*b - f = 2*b + 417, -3*f = -9. Calculate the remainder when b is divided by 51.
33
Let b(a) = -3*a + 5. Let s = 25 - 16. Let c be b(s). What is the remainder when 40 is divided by (c/6)/(1/(-3))?
7
Let c(a) = a**3 - 3*a**2 + 5*a - 3. Let q be ((-10)/(-25))/(2/760). Let h = q - 105. What is the remainder when h is divided by c(3)?
11
Let x = 89 - 74. Suppose -5*q + 75 = -o, 0 = -4*q + 5*q - 3*o - x. What is the remainder when 71 is divided by q?
11
Suppose 11*o - 405 = -141. What is the remainder when 65 is divided by o?
17
Let t(d) = 5*d + 47. Let h(w) = 48 + 3*w + w + w - w. Let f(s) = 4*h(s) - 3*t(s). What is the remainder when f(0) is divided by 13?
12
Let x(p) = 19*p - 80. Calculate the remainder when x(12) is divided by 25.
23
Let s(c) = 3*c**2 + c + 8. Let q = 1 - -10. Let r(o) = -o**2 + 10*o + 16. What is the remainder when s(0) is divided by r(q)?
3
Let x(h) = 18*h + 236. What is the remainder when x(0) is divided by 22?
16
What is the remainder when 128 is divided by ((-207)/18)/((-3)/12)?
36
Suppose -f = -4*f + 5*w + 119, 5*f + w - 217 = 0. Let c(p) = -86*p**3 + p**2 + p - 1. What is the remainder when c(-1) is divided by f?
42
Let p(n) = n**3 - 16*n**2 - 57*n + 23. Calculate the remainder when 154 is divided by p(19).
16
Calculate the remainder when 69 is divided by 14/7 + 9 + -7.
1
Let y(l) = -l**2 + 5*l + 7. Let b be y(7). Let n = b + 25. What is the remainder when 51 is divided by n?
15
Let h(n) = 27*n**3 - n + 1. Let k = 2 - 5. Let q = 11 - k. What is the remainder when h(1) is divided by q?
13
Let g(w) = w**2 - 11*w + 10. Suppose 0 = 4*o - d + 14 - 66, -d - 4 = 0. Calculate the remainder when -2 + 1 + (71 - (3 + 3)) is divided by g(o).
20
Suppose 0 = i + 4*r - 15, -5*i = -4*i - r - 5. Suppose -i = -3*l - 3*f - 4, -f - 4 = 0. Calculate the remainder when l is divided by 4.
1
Let a = -8 + 13. Suppose 20 = -q + 4*d, -a*d + 12 = q - d. Calculate the remainder when 24 - (6 - (-1 - q)) is divided by 11.
10
Let g be (-3)/12 + (-483)/(-12). Let l = 86 - 27. What is the remainder when l is divided by 2/(2 - 76/g)?
19
Calculate the remainder when (-9)/((-1)/((-9)/(-3) - -10)) is divided by 12.
9
Suppose -6 = -4*y + 5*w, 0*w - 6 = -3*w. Let n = 57 - y. Calculate the remainder when n is divided by 11.
9
Suppose h + 3*f - 85 = -3*h, -4*h + 89 = -f. Suppose 2*q = -8, -3*t - 4*q = -13 - h. Calculate the remainder when (-133)/(-2) - (-2)/(-4) is divided by t.
15
Let c(i) = -69*i**2 + i + 2. Let r be c(2). Let s = -143 - r. What is the remainder when s is divided by (0 - (2 + -5)) + (-90)/(-3)?
30
Let o(h) = h**3 - 3*h**2 - 2*h + 8. Calculate the remainder when o(4) is divided by (-473)/(-55) - 2/(-5).
7
Suppose 3*c + o = 52, 3*c - o - 24 = 2*c. Calculate the remainder when 132 is divided by c.
18
Suppose -4*x - x - 8 = 2*j, 5*x + j = -4. Calculate the remainder when 27 - (5 - 11) - (x - -1) is divided by 11.
10
Suppose 0 = 4*r - 9*r + 35. Let p(o) = -o**2 - 11*o - 19. What is the remainder when p(-6) is divided by r?
4
Let y = -126 + 264. Calculate the remainder when y is divided by 70.
68
Suppose 0 = 3*m + 5*i, 4*m + m - i = 0. Suppose m = -2*x - 2*x + 16. Calculate the remainder when ((-112)/(-21))/(x/6) is divided by 5.
3
Let o = 8 - 1. Suppose -4*l - 30 = -o*l. Let r = l - 7. Calculate the remainder when 12 is divided by r.
0
Let d(b) = -8*b + 4. Let r be d(5). Let i = r + 87. Let g(c) = 7*c - 3. What is the remainder when i is divided by g(3)?
15
Let u(c) = -c - 2. Let a be u(-6). Let r(n) = 2*n**2 + 3*n + 6. What is the remainder when r(a) is divided by 18?
14
Suppose 10*s - 70 = 3*s. What is the remainder when 125 is divided by s?
5
Let o be (-2)/(-11) + (-1380)/(-33). Suppose 6*z = 3*z + o. Suppose 0 = -3*m - 15, 0 = -y + m + 30. What is the remainder when y is divided by z?
11
Let r = -1222 + 1250. Suppose 0 = 3*c + 2*x - 6 - 47, 2*c = -5*x + 50. What is the remainder when r is divided by c?
13
Suppose 174*k = -5*h + 179*k + 420, 4*h + k = 341. What is the remainder when h is divided by 19?
9
Let m(o) = -2*o - 5. Let c be 495/18 + (-1)/2. What is the remainder when (c/(-2))/((-12)/16) is divided by m(-6)?
4
Suppose -26*l = -33*l + 63. Calculate the remainder when l is divided by 4.
1
Suppose -2*j = -0*j + 5*x + 39, -3*j + 3*x = 90. Let u be (-3 + j + 2)/(-2). Let k = u + -5. What is the remainder when 16 is divided by k?
7
What is the remainder when 154/4*2860/385 is divided by 84?
34
Let b(g) = -g**3 + g**2 - g + 1. Let h be b(1). Suppose k - 5 = -h, -4*v = -k - 183. Calculate the remainder when v is divided by 16.
15
Let d = 1039 + -960. Calculate the remainder when 314 is divided by d.
77
Let z = 18 - 8. Let b(f) = f - 5. What is the remainder when b(22) is divided by z?
7
Suppose 337 = 42*g + 1. What is the remainder when 45 is divided by g?
5
What is the remainder when 178 is divided by 366/21 + (-56)/(-98)?
16
Suppose 0 = -5*b + v + 35, -3*v + 5 = -10. Let h(u) be the second derivative of u**4/12 + u**3/6 - u**2 + 5*u. What is the remainder when h(b) is divided by 36?
34
Let z(s) = -18*s + 27. What is the remainder when z(-28) is divided by 76?
75
Suppose m = -5*v - 0*m + 9, 0 = -2*m + 8. Calculate the remainder when 33 is divided by ((-12)/10)/(v/(-10)).
9
Suppose -253 = 20*v - 933. What is the remainder when v is divided by 13?
8
Let k(v) = 2*v**2 + 8*v - 7. Let a be 12/(-18)*(-3)/(-2). Calculate the remainder when k(5) is divided by 9/(-18)*42/a.
20
Let t = -207 + 232. What is the remainder when 25 is divided by t?
0
Let w = -106 - -141. What is the remainder when 172 is divided